{"id":67,"date":"2025-08-05T11:56:00","date_gmt":"2025-08-05T09:56:00","guid":{"rendered":"https:\/\/smakapatjust.caesax.net\/?page_id=67"},"modified":"2025-08-18T14:42:52","modified_gmt":"2025-08-18T12:42:52","slug":"deltagarinformation","status":"publish","type":"page","link":"https:\/\/smakapatjust.caesax.net\/index.php\/om-oss\/deltagarinformation\/","title":{"rendered":"Deltagarinformation"},"content":{"rendered":"\n<p>Kultur och Sk\u00f6rdefesten arrangeras oftast 3:e helgen i september varje \u00e5r.<\/p>\n\n\n\n<p>2025 arrangeras det f\u00f6r tjugonde \u00e5ret l\u00f6rdagen 20 och s\u00f6ndagen 21 september<\/p>\n\n\n\n<p><strong>Smaka p\u00e5 Tjust Ideell F\u00f6rening<\/strong><\/p>\n\n\n\n<p>Smaka p\u00e5 Tjust ideell f\u00f6rening \u00e4ger varum\u00e4rket och evenemanget. F\u00f6reningens styrelse och medlemmar utg\u00f6rs av sk\u00f6rdefestens deltagare och andra sympatis\u00f6rer med ett gemensamt intresse av att utveckla Smaka p\u00e5 Tjust. F\u00f6r att medverka i Sk\u00f6rdefesten och \u00f6vriga evenemang kr\u00e4vs ett medlemskap i f\u00f6reningen.<\/p>\n\n\n\n<p>Varf\u00f6r:<\/p>\n\n\n\n<ul class=\"wp-block-list\">\n<li>Skapa vianda och delaktighet bland deltagare och sympatis\u00f6rer<\/li>\n\n\n\n<li>Tydlig avs\u00e4ndare\/arrang\u00f6r<\/li>\n\n\n\n<li>Vidareutveckla n\u00e4tverket f\u00f6r erfarenhetsutbyte och samarbete<\/li>\n\n\n\n<li>S\u00e4kerst\u00e4lla l\u00e5ngsiktigheten<\/li>\n\n\n\n<li>Underl\u00e4tta finansieringsl\u00f6sningar<\/li>\n<\/ul>\n\n\n\n<p><strong>Smaka p\u00e5 Tjust kvalitetskrav<\/strong><\/p>\n\n\n\n<p>Smaka p\u00e5 Tjust ideell f\u00f6rening har fastst\u00e4llt&nbsp; f\u00f6ljande kvalitetskrav. Produkter som serveras<\/p>\n\n\n\n<p>eller saluf\u00f6rs p\u00e5 sk\u00f6rdefesten ska ha sitt ursprung i Tjust.<\/p>\n\n\n\n<p>Varf\u00f6r:<\/p>\n\n\n\n<ul class=\"wp-block-list\">\n<li>Bes\u00f6kare till Smaka p\u00e5 Tjust f\u00f6rv\u00e4ntar sig unika lokala produkter, inget annat<\/li>\n\n\n\n<li>Deltagandet ska spegla och framh\u00e4va det specifika med Tjust \u2013 sedv\u00e4njor, traditioner, natur och kultur<\/li>\n\n\n\n<li>L\u00e5ngsiktigt st\u00e4rka och v\u00e5rda varum\u00e4rket<\/li>\n<\/ul>\n\n\n\n<p><strong>Finansiering<\/strong><\/p>\n\n\n\n<p>Sk\u00f6rdefesten \u00e4r numera sj\u00e4lvfinansierad genom medlemskap och deltagaravgifter. Detta kr\u00e4ver \u00f6kat fokus p\u00e5 att g\u00f6ra aff\u00e4rer och att hitta samverkan som kan ge de inblandade st\u00f6d fr\u00e5n Region Kalmar.<\/p>\n\n\n\n<p><strong>Vem kan delta i Smaka p\u00e5 Tjust?<\/strong><\/p>\n\n\n\n<p>Alla f\u00f6retag, organisationer, institutioner och enskilda som p\u00e5 n\u00e5got s\u00e4tt producerar och skapar produkter, tj\u00e4nster och upplevelser kring m\u00e5ltiden eller som har en f\u00f6rankring i tjustbygdens natur och kultur.<\/p>\n\n\n\n<ul class=\"wp-block-list\">\n<li>Lantbrukare, prim\u00e4rproducenter, tr\u00e4dg\u00e5rdsf\u00f6retag<\/li>\n\n\n\n<li>&nbsp;Livsmedelsproducenter med sm\u00e5skalig f\u00f6r\u00e4dling och lokal inriktning<\/li>\n\n\n\n<li>Lanthandlare, livsmedelsbutiker<\/li>\n\n\n\n<li>Restauranger, m\u00e5ltidsleverant\u00f6rer<\/li>\n\n\n\n<li>Konsthantverkare, konstn\u00e4rer, hemsl\u00f6jdare<\/li>\n\n\n\n<li>Kulturut\u00f6vare, musik, teater<\/li>\n\n\n\n<li>Turismf\u00f6retagare, logi, m\u00e5ltid, upplevelser<\/li>\n\n\n\n<li>Hembygdsf\u00f6reningar, ideella f\u00f6reningar, intressegrupper<\/li>\n\n\n\n<li>Institutioner, museer, skolor, kyrkor<\/li>\n<\/ul>\n\n\n\n<p><strong>Varf\u00f6r ska jag delta i Smaka p\u00e5 Tjust?<\/strong><\/p>\n\n\n\n<p>Det finns m\u00e5nga sk\u00e4l till varf\u00f6r du ska medverka i Smaka p\u00e5 Tjust. Det fr\u00e4msta f\u00f6r m\u00e5nga \u00e4r kanske att du kan \u00f6ka l\u00f6nsamheten i din befintliga eller prova din nya aff\u00e4rsverksamhet.<\/p>\n\n\n\n<p><strong>Hur anm\u00e4ler jag mig att delta i Smaka p\u00e5 Tjust?<\/strong><\/p>\n\n\n\n<p>Steg 1 \u00e4r att registrera sig som medlem, under fliken Smaka p\u00e5 Tjust medlems- och deltagaranm\u00e4lan som ligger under menypunkt Deltagarinformation. Den som enbart vill vara medlem \u00e4r klar nu.<\/p>\n\n\n\n<p>Steg 2 \u00e4r f\u00f6r den som vill delta in evenemanget och inneb\u00e4r att man registrerar sitt program f\u00f6r \u00e5rets Smaka p\u00e5 Tjust.<\/p>\n\n\n\n<p><strong>Vad kostar det att delta?<\/strong><\/p>\n\n\n\n<p><strong>Medlemsavgift<\/strong><\/p>\n\n\n\n<p>Medlemsavgiften \u00e4r 300 kr f\u00f6r samtliga medlemmar.<\/p>\n\n\n\n<p>Vi v\u00e4lkomnar st\u00f6dmedlemmar som vill visa att de gillar Smaka p\u00e5 Tjust genom sitt medlemskap.<\/p>\n\n\n\n<p>Alla som deltar i Smaka p\u00e5 Tjust betalar en deltagaravgift. Avgiften \u00e4r beroende p\u00e5 deltagarens verksamhetsniv\u00e5.<\/p>\n\n\n\n<p>Deltagaravgift<\/p>\n\n\n\n<p>Ideella f\u00f6reningar och hobbyut\u00f6vare\u00a0\u00a0\u00a0\u00a0\u00a0\u00a0\u00a0\u00a0\u00a0\u00a0\u00a0\u00a0\u00a0\u00a0\u00a0\u00a0\u00a0\u00a0\u00a0\u00a0\u00a0\u00a0\u00a0\u00a0\u00a0\u00a0\u00a0\u00a0\u00a0\u00a0\u00a0\u00a0\u00a0\u00a0\u00a0\u00a0\u00a0\u00a0\u00a0\u00a0\u00a0 400 kr.<\/p>\n\n\n\n<p>F\u00f6retag, bolag, juridiska personer\u00a0\u00a0\u00a0\u00a0\u00a0\u00a0\u00a0\u00a0\u00a0\u00a0\u00a0\u00a0\u00a0\u00a0\u00a0\u00a0\u00a0\u00a0\u00a0\u00a0\u00a0\u00a0\u00a0\u00a0\u00a0\u00a0\u00a0\u00a0\u00a0\u00a0\u00a0\u00a0\u00a0\u00a0\u00a0\u00a0\u00a0\u00a0\u00a0\u00a0\u00a0\u00a0\u00a0\u00a0\u00a0\u00a0 1600 kr.<\/p>\n\n\n\n<p>Trivselskapare, syftet \u00e4r inte att s\u00e4lja produkter\u00a0\u00a0\u00a0\u00a0\u00a0\u00a0\u00a0\u00a0\u00a0\u00a0\u00a0\u00a0\u00a0\u00a0\u00a0\u00a0\u00a0\u00a0\u00a0\u00a0\u00a0\u00a0 0 kr.<\/p>\n\n\n\n<p>Medlems- och deltagaravgift s\u00e4tts in p\u00e5 v\u00e5rt BG nr 5427-2935<\/p>\n\n\n\n<p>T\u00e4nk p\u00e5 att ange vem som \u00e4r avs\u00e4ndare!<\/p>\n\n\n\n<p><strong>Marknadsf\u00f6ring av evenemanget 2025<\/strong><\/p>\n\n\n\n<ul class=\"wp-block-list\">\n<li>Annonsering och program i tidningen <strong>Lokala livet Tjustbygden<\/strong><\/li>\n\n\n\n<li>Affischering genom v\u00e5ra stortavlor. Inplastade A3-annonser att s\u00e4tta upp p\u00e5 l\u00e4mpliga anslagstavlor samt v\u00e4gvisarskyltar. Ni kommer att f\u00e5 programmet utskickat s\u00e5 att ni sj\u00e4lva kan skriva ut det och s\u00e4tta upp det i er n\u00e4rhet<\/li>\n\n\n\n<li>Tryckt programblad och karta som distribueras i Tjust<\/li>\n\n\n\n<li>Hemsidan d\u00e4r det mest aktuella programmet alltid finns<\/li>\n\n\n\n<li>Annonsering i Vimmerby tidning och andra lokala tidningar<\/li>\n<\/ul>\n","protected":false},"excerpt":{"rendered":"<p>Kultur och Sk\u00f6rdefesten arrangeras oftast 3:e helgen i september varje \u00e5r. 2025 arrangeras det f\u00f6r tjugonde \u00e5ret l\u00f6rdagen 20 och s\u00f6ndagen 21 september Smaka p\u00e5 Tjust Ideell F\u00f6rening Smaka p\u00e5 Tjust ideell f\u00f6rening \u00e4ger varum\u00e4rket och evenemanget. F\u00f6reningens styrelse och medlemmar utg\u00f6rs av sk\u00f6rdefestens deltagare och andra sympatis\u00f6rer med ett gemensamt intresse av att utveckla [&hellip;]<\/p>\n","protected":false},"author":1,"featured_media":0,"parent":45,"menu_order":0,"comment_status":"closed","ping_status":"closed","template":"","meta":{"pgc_sgb_lightbox_settings":"","footnotes":""},"class_list":["post-67","page","type-page","status-publish","hentry"],"_links":{"self":[{"href":"https:\/\/smakapatjust.caesax.net\/index.php\/wp-json\/wp\/v2\/pages\/67","targetHints":{"allow":["GET"]}}],"collection":[{"href":"https:\/\/smakapatjust.caesax.net\/index.php\/wp-json\/wp\/v2\/pages"}],"about":[{"href":"https:\/\/smakapatjust.caesax.net\/index.php\/wp-json\/wp\/v2\/types\/page"}],"author":[{"embeddable":true,"href":"https:\/\/smakapatjust.caesax.net\/index.php\/wp-json\/wp\/v2\/users\/1"}],"replies":[{"embeddable":true,"href":"https:\/\/smakapatjust.caesax.net\/index.php\/wp-json\/wp\/v2\/comments?post=67"}],"version-history":[{"count":3,"href":"https:\/\/smakapatjust.caesax.net\/index.php\/wp-json\/wp\/v2\/pages\/67\/revisions"}],"predecessor-version":[{"id":193,"href":"https:\/\/smakapatjust.caesax.net\/index.php\/wp-json\/wp\/v2\/pages\/67\/revisions\/193"}],"up":[{"embeddable":true,"href":"https:\/\/smakapatjust.caesax.net\/index.php\/wp-json\/wp\/v2\/pages\/45"}],"wp:attachment":[{"href":"https:\/\/smakapatjust.caesax.net\/index.php\/wp-json\/wp\/v2\/media?parent=67"}],"curies":[{"name":"wp","href":"https:\/\/api.w.org\/{rel}","templated":true}]}}