{"id":45,"date":"2025-08-04T14:48:32","date_gmt":"2025-08-04T14:48:32","guid":{"rendered":"https:\/\/smakapatjust.caesax.net\/?page_id=45"},"modified":"2025-08-18T14:42:04","modified_gmt":"2025-08-18T12:42:04","slug":"om-oss","status":"publish","type":"page","link":"https:\/\/smakapatjust.caesax.net\/index.php\/om-oss\/","title":{"rendered":"Om oss"},"content":{"rendered":"\n<p><strong>Nu \u00e4r det dags igen!<\/strong><\/p>\n\n\n\n<p>Sk\u00f6rdefesten \u00e4r den 20 \u2013 21 september kl. 10 till 16 b\u00e5da dagarna. Alla gamla och nya medlemmar \u00e4r v\u00e4lkomna att vara med hemma hos sig sj\u00e4lva eller p\u00e5 samlingsplats. Annonsering kommer att g\u00f6ras med stora v\u00e4gtavlor och i lokaltidningarna samt Lokala livet Tjustbygden som distribueras av Postnord. Beh\u00f6ver ni mindre skyltar, v\u00e4gvisare, v\u00e4nligen kontakta oss p\u00e5 ordf\u00f6randens adress. Om du har skyltar som du inte l\u00e4ngre beh\u00f6ver ber vi att de \u00e5terl\u00e4mnas.<\/p>\n\n\n\n<p>I \u00f6vrigt g\u00e4ller f\u00f6ljande:<\/p>\n\n\n\n<figure class=\"wp-block-table is-style-stripes\"><table><tbody><tr><td>Medlemskap f\u00f6r kalender\u00e5r <\/td><td>300 kr.<\/td><\/tr><tr><td>Trivselskapare utan mening att s\u00e4lja \u00a0<\/td><td>0 kr<\/td><\/tr><tr><td>Deltagaravgift, hobby ut\u00f6vare <\/td><td>400 kr.<\/td><\/tr><tr><td>Deltagaravgift f\u00f6reningar, g\u00e4ller det som tar in egna s\u00e4ljare<\/td><td>800 kr.<\/td><\/tr><tr><td>Deltagaravgift f\u00f6retag <\/td><td>1600 kr.<\/td><\/tr><\/tbody><\/table><\/figure>\n\n\n\n<p>\u00a0\u00a0\u00a0\u00a0\u00a0\u00a0\u00a0\u00a0\u00a0\u00a0\u00a0\u00a0\u00a0\u00a0\u00a0\u00a0\u00a0\u00a0\u00a0\u00a0\u00a0\u00a0\u00a0\u00a0\u00a0\u00a0\u00a0\u00a0 \u00a0\u00a0\u00a0\u00a0\u00a0\u00a0\u00a0\u00a0\u00a0\u00a0\u00a0\u00a0\u00a0\u00a0\u00a0\u00a0\u00a0\u00a0\u00a0\u00a0\u00a0\u00a0\u00a0\u00a0\u00a0\u00a0\u00a0\u00a0\u00a0\u00a0\u00a0\u00a0\u00a0\u00a0\u00a0\u00a0\u00a0\u00a0\u00a0\u00a0\u00a0\u00a0\u00a0\u00a0\u00a0\u00a0\u00a0\u00a0\u00a0\u00a0\u00a0\u00a0\u00a0<\/p>\n\n\n\n<p>Alla avgifter ska vara betalda senast den 1 september till bankgiro 5427-2935.<\/p>\n\n\n\n<p><strong>V\u00e4lkommen att vara med p\u00e5 \u00e5rets h\u00f6jdpunkt!<\/strong><\/p>\n\n\n\n<p>Ordf\u00f6rande <strong>Anders Johansson<\/strong>, Albert Tengers v\u00e4g 39 A, \u00a0593 35 V\u00e4stervik.<br>Telefon, 076 247 9615. E-post <strong>andersjohansson203@gmail.com<\/strong><br>Kass\u00f6r <strong>Eva-Lis Mattsson<\/strong>, Smultronboda, Stora Bj\u00f6rka. 594 75, Edsbruk. Telefon, 073 246 9895.<\/p>\n\n\n\n<p><\/p>\n","protected":false},"excerpt":{"rendered":"<p>Nu \u00e4r det dags igen! Sk\u00f6rdefesten \u00e4r den 20 \u2013 21 september kl. 10 till 16 b\u00e5da dagarna. Alla gamla och nya medlemmar \u00e4r v\u00e4lkomna att vara med hemma hos sig sj\u00e4lva eller p\u00e5 samlingsplats. Annonsering kommer att g\u00f6ras med stora v\u00e4gtavlor och i lokaltidningarna samt Lokala livet Tjustbygden som distribueras av Postnord. Beh\u00f6ver ni [&hellip;]<\/p>\n","protected":false},"author":1,"featured_media":0,"parent":0,"menu_order":0,"comment_status":"closed","ping_status":"closed","template":"","meta":{"pgc_sgb_lightbox_settings":"","footnotes":""},"class_list":["post-45","page","type-page","status-publish","hentry"],"_links":{"self":[{"href":"https:\/\/smakapatjust.caesax.net\/index.php\/wp-json\/wp\/v2\/pages\/45","targetHints":{"allow":["GET"]}}],"collection":[{"href":"https:\/\/smakapatjust.caesax.net\/index.php\/wp-json\/wp\/v2\/pages"}],"about":[{"href":"https:\/\/smakapatjust.caesax.net\/index.php\/wp-json\/wp\/v2\/types\/page"}],"author":[{"embeddable":true,"href":"https:\/\/smakapatjust.caesax.net\/index.php\/wp-json\/wp\/v2\/users\/1"}],"replies":[{"embeddable":true,"href":"https:\/\/smakapatjust.caesax.net\/index.php\/wp-json\/wp\/v2\/comments?post=45"}],"version-history":[{"count":4,"href":"https:\/\/smakapatjust.caesax.net\/index.php\/wp-json\/wp\/v2\/pages\/45\/revisions"}],"predecessor-version":[{"id":192,"href":"https:\/\/smakapatjust.caesax.net\/index.php\/wp-json\/wp\/v2\/pages\/45\/revisions\/192"}],"wp:attachment":[{"href":"https:\/\/smakapatjust.caesax.net\/index.php\/wp-json\/wp\/v2\/media?parent=45"}],"curies":[{"name":"wp","href":"https:\/\/api.w.org\/{rel}","templated":true}]}}